actors of (v - 0)*-2 - -3.
5
Let j(q) = -2 - 143*q - 122*q + 244*q. Let r = -3 - -2. List the prime factors of j(r).
19
Let t(c) = -c**3 + c**2 - c + 1. Let y(v) = 3*v**3 + 3*v**2 + 4*v + 1. Let p(z) = -2*t(z) - y(z). List the prime factors of p(-7).
109
Let w(m) be the third derivative of -19*m**6/720 - m**5/60 + 5*m**4/24 + 4*m**2. Let d(r) be the second derivative of w(r). List the prime factors of d(-1).
17
Let n(u) = -u**2 - 21*u + 51. Let s be n(-23). Suppose -s*v = -0*v - 685. What are the prime factors of v?
137
Let i = 13 - 10. Suppose 0 = 4*t + i - 23. List the prime factors of t.
5
Suppose 19 = 2*o - n, -50 + 2 = -5*o + 3*n. List the prime factors of (-10 + o)/(2/(-168)).
2, 3, 7
Let m(a) = a**3 + 46*a**2 + 23*a - 3. List the prime factors of m(-10).
7, 13, 37
List the prime factors of (357/(-7))/(12/(-172)).
17, 43
Let l = 1525 - 538. What are the prime factors of l?
3, 7, 47
Let n(s) = s**3 - 2*s**2 + 9*s - 9. Let f(i) = i**3 - i**2 + 10*i - 9. Let a(v) = 5*f(v) - 6*n(v). List the prime factors of a(5).
3, 13
Suppose -3*r = 6*r - 7308. Suppose -20 + r = 6*f. List the prime factors of f.
2, 3, 11
Suppose 4*k - 2*k - 242 = 0. Suppose 5 = 5*q, -2*a + 43 = 2*q - k. List the prime factors of a.
3
Let n(g) be the second derivative of -g**3/6 + 27*g**2/2 - 2*g. Let a be n(9). Let i = 33 - a. What are the prime factors of i?
3, 5
Suppose 13 = 5*q + 3*t, 5*q - 2*t = -6*t + 14. Let s be ((-3)/5)/(q/(-20)). What are the prime factors of 207/s - (-3)/(-2)?
3, 11
Let v = -566 + 580. Suppose -114 = -d - 45. Suppose -a = v - d. What are the prime factors of a?
5, 11
What are the prime factors of ((-196)/(-147))/(4/822)?
2, 137
Let c be 5 - 2 - (-1 - -4). Suppose s + 18 = -c. Let g = s + 30. List the prime factors of g.
2, 3
What are the prime factors of -4 - ((-3 - -6) + -2299)?
2, 3, 191
Let d = 21 + -41. Suppose -8 - 4 = 4*o. Let h = o - d. List the prime factors of h.
17
Let l = 1186 + 25. What are the prime factors of l?
7, 173
Let r = 566 + -413. List the prime factors of r.
3, 17
Let r = 96 + -60. Suppose -4*j = 5*a - r, j = -3*j + 2*a + 8. Suppose 0 = j*v - 43 - 89. List the prime factors of v.
3, 11
Let v be -61 + 5/(-25)*0. Let z = 130 + v. List the prime factors of z.
3, 23
Let t be 1046/(-3) + 12/(-36). Let a = -136 - t. List the prime factors of a.
3, 71
Let w be (12/(-10))/(4/20). Let j(x) = -35*x + 23. List the prime factors of j(w).
233
Suppose 4*h = -4*a + 4, -4*h - 5*a - 2 + 7 = 0. Let g be (30/18)/(15/18). Suppose h*q - g = -q. List the prime factors of q.
2
Suppose 0 = -b + 27 + 201. List the prime factors of b.
2, 3, 19
Suppose -4*y = -5 + 73. Let r(a) = a**3 + 16*a**2 - 20*a + 5. What are the prime factors of r(y)?
2, 7
Let l be (1 - 21/27) + (-75)/(-27). Let k be (27/2)/((-2)/(-16)). Suppose -k = -f - l*f. List the prime factors of f.
3
Let x be (4/10)/((-5)/(-75)). What are the prime factors of (-3)/(-1)*(13 + x)?
3, 19
Suppose 2*w + 3424 = 10*w. What are the prime factors of w?
2, 107
Suppose -2*m = -9*m + 728. Suppose -2*n + m = -v - 3*v, 5*n - 235 = 5*v. List the prime factors of n.
2, 3, 7
Let h = -1438 - -2058. List the prime factors of h.
2, 5, 31
Suppose 88 = -4*h + 6*h. Let c be 2*(h/(-8) + 2). Let w = 16 + c. List the prime factors of w.
3
Let s = -111 - -153. Let d = -5 - -8. Suppose s = d*f + f + 2*l, 2*f = 3*l + 17. What are the prime factors of f?
2, 5
Suppose -657*o = -671*o + 33320. What are the prime factors of o?
2, 5, 7, 17
Suppose 3*a + 4*d + 8940 = 8*a, 0 = -5*d. What are the prime factors of a?
2, 3, 149
Let n be (4/(-14))/(1/(-7)). Suppose o - 16 = -w, -4*o + 0*w = -n*w - 40. Let x = o + -4. What are the prime factors of x?
2
Suppose -3*c = -4*s - 1745, 2*s + 356 + 227 = c. What are the prime factors of c?
3, 193
Suppose 412 = 6*q - 4*q. Suppose -2*a - q = -4*a. List the prime factors of a.
103
Suppose -3*x + 25 = -4*s - 0*s, s + 13 = 3*x. Suppose 0 = x*w - 22 - 203. What are the prime factors of w?
3, 5
Suppose -16*c + 15*c + 3 = 0. Suppose 0 = -4*r - c*r + 105. Let g = 19 - r. What are the prime factors of g?
2
Let x(u) = 62*u**3 - 31*u + 54. List the prime factors of x(2).
2, 61
Let j(p) = p**2 - 2*p - 2. Let l(q) be the second derivative of q**4/12 - q**3/6 + 9*q. Let v(o) = -j(o) + 6*l(o). What are the prime factors of v(3)?
5, 7
Suppose -2*y + 6246 = -2*x, -9658 = -3*y - 5*x - 321. What are the prime factors of y?
3119
Let a(u) = -3*u + 23. Let t be a(7). Suppose -3*b + 17 = 4*m, -t*m + m = 2*b - 18. List the prime factors of b.
11
Let r = 33 - 30. Suppose 0 = r*c - c - 24. What are the prime factors of c?
2, 3
Let a(c) = c**3 - 2*c**2 - 3*c - 1. Let v be 0 + 6*1/2. Let h be a(v). List the prime factors of (h + 0)/((-8)/176).
2, 11
Let j(o) be the first derivative of -1/3*o**3 - o - 1 + 9/2*o**2. List the prime factors of j(7).
13
Let f = -3 - -2. Let v = 32 + -28. What are the prime factors of (-4)/(v/(-21)) - f?
2, 11
Let z(c) = c - 7. Let u be z(11). Suppose u*k - 5*k + 20 = 0. What are the prime factors of k?
2, 5
Let c be 5/(-5) - (0 - 37). Let h be ((-2)/(-6))/((-6)/c). Let a = 15 - h. What are the prime factors of a?
17
Let b(k) = -k**2 - 6*k - 5. Let z be b(-4). Suppose 0*o + 3*o = z, -4*h = -3*o - 45. Suppose m + h = -3*d, 5*d - 2*d = -2*m - 9. List the prime factors of m.
3
Suppose 38*x = 29*x + 1800. List the prime factors of x.
2, 5
Let u(b) = -b**2 + 12*b - 17. Let t be u(10). Suppose -t*x = x - 332. List the prime factors of x.
83
List the prime factors of 0 - 1/(-7) - 6184125/(-1449).
2, 11, 97
List the prime factors of (-15899)/(-130) - (-3)/(-10).
2, 61
What are the prime factors of 0 - -2347 - (-6 + 4 - 3)?
2, 3, 7
Let z = -470 + 958. List the prime factors of z.
2, 61
Let u(z) = 197*z - 19. List the prime factors of u(4).
769
Let f = 596 + 764. What are the prime factors of f?
2, 5, 17
Let y(u) = -u**2 + 11*u - 1. Suppose 2*r - 5*n - 16 = 0, -16 = -2*r - 6*n + 7*n. Let b be y(r). Suppose 2*c = b + 1. List the prime factors of c.
2, 3
Suppose 3*f = -12, 2*t - 654 = -2*f + 2976. What are the prime factors of t?
17, 107
Suppose -14*z - 14*z + 26908 = 0. List the prime factors of z.
31
Let y = 101 - 71. Suppose 0 = 5*o + 5, 2*i - o + 5 - y = 0. Let p = i + -2. List the prime factors of p.
2, 5
Let b = -26 + -37. List the prime factors of (-200)/(-7) - 27/b.
29
Suppose 2289 = 3*x + 2*f, -4*f + 905 = 5*x - 2908. Suppose 2*g = 2*i - 670, 5*g + x = -4*i + 2078. What are the prime factors of i?
2, 83
Let p(a) = a**3 + 34*a**2 + 123*a + 53. List the prime factors of p(-23).
17, 179
Let y(b) = -22*b - 32. Suppose 0*x - x - 38 = 4*j, 2*j = 4*x - 10. List the prime factors of y(j).
2, 83
Let w be (2*(0 + 1))/((-2)/3). What are the prime factors of (2 + (-120)/3)/(w - -1)?
19
Let w = -1382 + 2172. What are the prime factors of w?
2, 5, 79
Suppose -2*w - 606 = o + o, 4*w - 3*o + 1226 = 0. Let f = 525 + w. What are the prime factors of f?
2, 5, 11
Let k(z) = z**3 - 11*z**2 + 10*z + 5. Let g be k(10). Suppose -m + g*m - 680 = 0. Let b = 241 - m. List the prime factors of b.
71
Let k(v) = -v**3 - 8*v**2 - 7*v + 10. Let o be ((-16)/6)/((-11)/(-33)). Let f be k(o). What are the prime factors of (f/10)/((-2)/(-10))?
3, 11
Let r be -2*5/(-2) - 3. Suppose 0 = 2*m + r*f + 26, -3*f - 37 - 22 = 5*m. Let g = m - -30. List the prime factors of g.
2, 5
Let j(a) be the first derivative of -a**3/3 + a**2 - 4*a - 6. Let k be j(-3). Let s = k + 47. What are the prime factors of s?
2, 7
Suppose -9*o + 57 = -6*o. Let g = 6 + 0. What are the prime factors of 4/g*-3 + o?
17
Let p(r) = r**2 - 14*r + 49. List the prime factors of p(-13).
2, 5
List the prime factors of ((-1278)/21)/(12/(-252)).
2, 3, 71
Suppose 5 = 5*i - 15. Suppose 4*a - 3*g = 308, g = 5*a - i*g - 380. Suppose 5*h + a - 305 = 0. What are the prime factors of h?
3, 5
Suppose -4*t + 636 = -240. What are the prime factors of t?
3, 73
Let x = -482 - -846. List the prime factors of x.
2, 7, 13
Let o be 6/((-175)/55 + 3). Let n be ((-11)/o)/((-1)/(-36)). What are the prime factors of 20/(-15)*n*-4?
2
Let f(h) = h**2 + 4*h + 376. What are the prime factors of f(0)?
2, 47
Let h = -6 + 4. Suppose 0 = -3*n + 2 + 1. List the prime factors of (-1 - h)*3/n.
3
Let l(g) be the first derivative of g**4/12 - g**3 + 5*g**2/2 + 2*g + 4. Let b(f) be the first der